{"id":5401,"date":"2026-02-15T16:57:20","date_gmt":"2026-02-15T15:57:20","guid":{"rendered":"https:\/\/vitis-wine.com\/?post_type=product&#038;p=5401"},"modified":"2026-02-16T12:59:25","modified_gmt":"2026-02-16T11:59:25","slug":"flor-de-maio-rg-2020","status":"publish","type":"product","link":"https:\/\/vitis-wine.com\/?product=flor-de-maio-rg-2020","title":{"rendered":"FLOR DE MAIO RG 2020"},"content":{"rendered":"<p><b>Fiche Technique : F<\/b><b>lor de Maio rouge 2020<\/b><br \/>\n<b>Type de vin :<\/b><span style=\"font-weight: 400;\"> Vin rouge SEC<\/span><span style=\"font-weight: 400;\"><br \/>\n<\/span><b>Appellation :<\/b><span style=\"font-weight: 400;\">\u00a0 ALENTEJO(VR)<\/span><span style=\"font-weight: 400;\"><br \/>\n<\/span><b>C\u00e9pages : <\/b><span style=\"font-weight: 400;\">\u00a0Trincadeira, Aragonez, Touriga Nacional, Syrah<\/span><span style=\"font-weight: 400;\"><br \/>\n<\/span><b>Mill\u00e9sime :<\/b><span style=\"font-weight: 400;\"> 2020<\/span><span style=\"font-weight: 400;\"><br \/>\n<\/span><b>Alcool :<\/b><span style=\"font-weight: 400;\"> 12,5% vol<\/span><br \/>\n<b>Acidit\u00e9 totale<\/b><span style=\"font-weight: 400;\">\u00a0: 5,6 g\/L\u00a0 \u00a0 \u00a0 \u00a0 <\/span><b>pH\u00a0<\/b><span style=\"font-weight: 400;\">: 3,8<\/span><span style=\"font-weight: 400;\">\u00a0\u00a0\u00a0\u00a0\u00a0<\/span><br \/>\n<b>Contenance:<\/b><span style=\"font-weight: 400;\"> 75 cl<\/span><\/p>\n<p><strong><img data-recalc-dims=\"1\" decoding=\"async\" class=\"alignleft wp-image-5282\" src=\"https:\/\/i0.wp.com\/vitis-wine.com\/wp-content\/uploads\/2026\/02\/IMG_7677-e1770845956790-170x300.png?resize=25%2C44&#038;ssl=1\" alt=\"\" width=\"25\" height=\"44\" srcset=\"https:\/\/i0.wp.com\/vitis-wine.com\/wp-content\/uploads\/2026\/02\/IMG_7677-e1770845956790.png?resize=170%2C300&amp;ssl=1 170w, https:\/\/i0.wp.com\/vitis-wine.com\/wp-content\/uploads\/2026\/02\/IMG_7677-e1770845956790.png?w=192&amp;ssl=1 192w\" sizes=\"(max-width: 25px) 100vw, 25px\" \/> LE DOMAINE ET LE VIN<\/strong><\/p>\n<p><span style=\"font-weight: 400;\">Les vignes proviennent de zones en l\u00e9g\u00e8re altitude, avec une bonne exposition solaire et une influence atlantique qui apporte fra\u00eecheur et \u00e9quilibre.<\/span><\/p>\n<p><span style=\"font-weight: 400;\">Sol argilo calcaire et climat ensoleill\u00e9 avec nuits fra\u00eeches \u2013 amplitude thermique importante.<\/span><br \/>\n<b>Viticulture :<\/b><span style=\"font-weight: 400;\"> Vendanges manuelles.<\/span><\/p>\n<p><span style=\"font-weight: 400;\">Ce terroir conf\u00e8re au vin sa fra\u00eecheur, sa vivacit\u00e9 et la puret\u00e9 de son expression vari\u00e9tale.<\/span><\/p>\n<p><strong><img data-recalc-dims=\"1\" decoding=\"async\" class=\"alignleft wp-image-5294\" src=\"https:\/\/i0.wp.com\/vitis-wine.com\/wp-content\/uploads\/2026\/02\/IMG_7680-e1770903876145-130x300.png?resize=20%2C46&#038;ssl=1\" alt=\"\" width=\"20\" height=\"46\" srcset=\"https:\/\/i0.wp.com\/vitis-wine.com\/wp-content\/uploads\/2026\/02\/IMG_7680-e1770903876145.png?resize=130%2C300&amp;ssl=1 130w, https:\/\/i0.wp.com\/vitis-wine.com\/wp-content\/uploads\/2026\/02\/IMG_7680-e1770903876145.png?w=195&amp;ssl=1 195w\" sizes=\"(max-width: 20px) 100vw, 20px\" \/> D\u00c9GUSTATION<\/strong><\/p>\n<p><span style=\"font-weight: 400;\">Ronde et souple, avec des tanins fins, une belle structure et une finale fruit\u00e9e et l\u00e9g\u00e8rement \u00e9pic\u00e9e.<\/span><br \/>\n<span style=\"font-weight: 400;\"><strong>Style<\/strong>\u00a0: Moderne, accessible, \u00e9l\u00e9gant.<\/span><\/p>\n<p><span style=\"font-weight: 400;\">Fin de d\u00e9gustation sur une fra\u00eecheur vibrante, bien marqu\u00e9e avec une finale fra\u00eeche et compl\u00e8te.<\/span><\/p>\n<p><span style=\"font-weight: 400;\"><strong><img data-recalc-dims=\"1\" decoding=\"async\" class=\"alignleft wp-image-5276\" src=\"https:\/\/i0.wp.com\/vitis-wine.com\/wp-content\/uploads\/2026\/02\/IMG_7668.jpeg?resize=25%2C35&#038;ssl=1\" alt=\"\" width=\"25\" height=\"35\" srcset=\"https:\/\/i0.wp.com\/vitis-wine.com\/wp-content\/uploads\/2026\/02\/IMG_7668.jpeg?resize=216%2C300&amp;ssl=1 216w, https:\/\/i0.wp.com\/vitis-wine.com\/wp-content\/uploads\/2026\/02\/IMG_7668.jpeg?w=348&amp;ssl=1 348w\" sizes=\"(max-width: 25px) 100vw, 25px\" \/> POTENTIEL DE GARDE<\/strong>\u00a0<\/span><span style=\"font-weight: 400;\">:<\/span> <span style=\"font-weight: 400;\">3 \u00e0 6 ans.<\/span><\/p>\n<p><span style=\"font-weight: 400;\">\u00c0 d\u00e9guster d\u00e8s maintenant.<\/span><\/p>\n<p><strong><img data-recalc-dims=\"1\" loading=\"lazy\" decoding=\"async\" class=\"alignleft wp-image-5277\" src=\"https:\/\/i0.wp.com\/vitis-wine.com\/wp-content\/uploads\/2026\/02\/IMG_7670.jpeg?resize=15%2C47&#038;ssl=1\" alt=\"\" width=\"15\" height=\"47\" srcset=\"https:\/\/i0.wp.com\/vitis-wine.com\/wp-content\/uploads\/2026\/02\/IMG_7670.jpeg?resize=96%2C300&amp;ssl=1 96w, https:\/\/i0.wp.com\/vitis-wine.com\/wp-content\/uploads\/2026\/02\/IMG_7670.jpeg?w=97&amp;ssl=1 97w\" sizes=\"(max-width: 15px) 100vw, 15px\" \/> CONSEILS DE D\u00c9GUSTATION<\/strong><\/p>\n<p><span style=\"font-weight: 400;\">Temp\u00e9rature de service : entre 16\u00ba et 18\u00b0C<\/span><\/p>\n","protected":false},"excerpt":{"rendered":"<p>Le <strong>Flor de Maio Rouge 2020<\/strong> est un vin rouge harmonieux et expressif, issu de c\u00e9pages autochtones portugais. Il se distingue par sa richesse aromatique, sa rondeur et sa fra\u00eecheur naturelle.<\/p>\n","protected":false},"featured_media":4779,"comment_status":"open","ping_status":"closed","template":"","meta":[],"product_brand":[166],"product_cat":[42,59],"product_tag":[144],"class_list":["post-5401","product","type-product","status-publish","has-post-thumbnail","product_brand-vp00001","product_cat-vin-portugais","product_cat-vin-rouge","product_tag-alentejo-portugal","entry","has-media","first","outofstock","sold-individually","taxable","shipping-taxable","purchasable","product-type-simple","add-to-wishlist-before_image","col","span_1_of_3","wvn-content-left","wvn-thumbs-layout-horizontal","wvn-btn-normal","wvn-tabs-layout-horizontal","circle-sale"],"jetpack_sharing_enabled":true,"_links":{"self":[{"href":"https:\/\/vitis-wine.com\/index.php?rest_route=\/wp\/v2\/product\/5401","targetHints":{"allow":["GET"]}}],"collection":[{"href":"https:\/\/vitis-wine.com\/index.php?rest_route=\/wp\/v2\/product"}],"about":[{"href":"https:\/\/vitis-wine.com\/index.php?rest_route=\/wp\/v2\/types\/product"}],"replies":[{"embeddable":true,"href":"https:\/\/vitis-wine.com\/index.php?rest_route=%2Fwp%2Fv2%2Fcomments&post=5401"}],"version-history":[{"count":2,"href":"https:\/\/vitis-wine.com\/index.php?rest_route=\/wp\/v2\/product\/5401\/revisions"}],"predecessor-version":[{"id":5423,"href":"https:\/\/vitis-wine.com\/index.php?rest_route=\/wp\/v2\/product\/5401\/revisions\/5423"}],"wp:featuredmedia":[{"embeddable":true,"href":"https:\/\/vitis-wine.com\/index.php?rest_route=\/wp\/v2\/media\/4779"}],"wp:attachment":[{"href":"https:\/\/vitis-wine.com\/index.php?rest_route=%2Fwp%2Fv2%2Fmedia&parent=5401"}],"wp:term":[{"taxonomy":"product_brand","embeddable":true,"href":"https:\/\/vitis-wine.com\/index.php?rest_route=%2Fwp%2Fv2%2Fproduct_brand&post=5401"},{"taxonomy":"product_cat","embeddable":true,"href":"https:\/\/vitis-wine.com\/index.php?rest_route=%2Fwp%2Fv2%2Fproduct_cat&post=5401"},{"taxonomy":"product_tag","embeddable":true,"href":"https:\/\/vitis-wine.com\/index.php?rest_route=%2Fwp%2Fv2%2Fproduct_tag&post=5401"}],"curies":[{"name":"wp","href":"https:\/\/api.w.org\/{rel}","templated":true}]}}

<p><b>Fiche Technique : F</b><b>lor de Maio rouge 2020</b><br />
<b>Type de vin :</b><span style="font-weight: 400;"> Vin rouge SEC</span><span style="font-weight: 400;"><br />
</span><b>Appellation :</b><span style="font-weight: 400;">  ALENTEJO(VR)</span><span style="font-weight: 400;"><br />
</span><b>Cépages : </b><span style="font-weight: 400;"> Trincadeira, Aragonez, Touriga Nacional, Syrah</span><span style="font-weight: 400;"><br />
</span><b>Millésime :</b><span style="font-weight: 400;"> 2020</span><span style="font-weight: 400;"><br />
</span><b>Alcool :</b><span style="font-weight: 400;"> 12,5% vol</span><br />
<b>Acidité totale</b><span style="font-weight: 400;"> : 5,6 g/L        </span><b>pH </b><span style="font-weight: 400;">: 3,8</span><span style="font-weight: 400;">     </span><br />
<b>Contenance:</b><span style="font-weight: 400;"> 75 cl</span></p>
<p><strong><img data-recalc-dims="1" decoding="async" class="alignleft wp-image-5282" src="https://i0.wp.com/vitis-wine.com/wp-content/uploads/2026/02/IMG_7677-e1770845956790-170x300.png?resize=25%2C44&#038;ssl=1" alt="" width="25" height="44" srcset="https://i0.wp.com/vitis-wine.com/wp-content/uploads/2026/02/IMG_7677-e1770845956790.png?resize=170%2C300&amp;ssl=1 170w, https://i0.wp.com/vitis-wine.com/wp-content/uploads/2026/02/IMG_7677-e1770845956790.png?w=192&amp;ssl=1 192w" sizes="(max-width: 25px) 100vw, 25px" /> LE DOMAINE ET LE VIN</strong></p>
<p><span style="font-weight: 400;">Les vignes proviennent de zones en légère altitude, avec une bonne exposition solaire et une influence atlantique qui apporte fraîcheur et équilibre.</span></p>
<p><span style="font-weight: 400;">Sol argilo calcaire et climat ensoleillé avec nuits fraîches – amplitude thermique importante.</span><br />
<b>Viticulture :</b><span style="font-weight: 400;"> Vendanges manuelles.</span></p>
<p><span style="font-weight: 400;">Ce terroir confère au vin sa fraîcheur, sa vivacité et la pureté de son expression variétale.</span></p>
<p><strong><img data-recalc-dims="1" decoding="async" class="alignleft wp-image-5294" src="https://i0.wp.com/vitis-wine.com/wp-content/uploads/2026/02/IMG_7680-e1770903876145-130x300.png?resize=20%2C46&#038;ssl=1" alt="" width="20" height="46" srcset="https://i0.wp.com/vitis-wine.com/wp-content/uploads/2026/02/IMG_7680-e1770903876145.png?resize=130%2C300&amp;ssl=1 130w, https://i0.wp.com/vitis-wine.com/wp-content/uploads/2026/02/IMG_7680-e1770903876145.png?w=195&amp;ssl=1 195w" sizes="(max-width: 20px) 100vw, 20px" /> DÉGUSTATION</strong></p>
<p><span style="font-weight: 400;">Ronde et souple, avec des tanins fins, une belle structure et une finale fruitée et légèrement épicée.</span><br />
<span style="font-weight: 400;"><strong>Style</strong> : Moderne, accessible, élégant.</span></p>
<p><span style="font-weight: 400;">Fin de dégustation sur une fraîcheur vibrante, bien marquée avec une finale fraîche et complète.</span></p>
<p><span style="font-weight: 400;"><strong><img data-recalc-dims="1" decoding="async" class="alignleft wp-image-5276" src="https://i0.wp.com/vitis-wine.com/wp-content/uploads/2026/02/IMG_7668.jpeg?resize=25%2C35&#038;ssl=1" alt="" width="25" height="35" srcset="https://i0.wp.com/vitis-wine.com/wp-content/uploads/2026/02/IMG_7668.jpeg?resize=216%2C300&amp;ssl=1 216w, https://i0.wp.com/vitis-wine.com/wp-content/uploads/2026/02/IMG_7668.jpeg?w=348&amp;ssl=1 348w" sizes="(max-width: 25px) 100vw, 25px" /> POTENTIEL DE GARDE</strong> </span><span style="font-weight: 400;">:</span> <span style="font-weight: 400;">3 à 6 ans.</span></p>
<p><span style="font-weight: 400;">À déguster dès maintenant.</span></p>
<p><strong><img data-recalc-dims="1" loading="lazy" decoding="async" class="alignleft wp-image-5277" src="https://i0.wp.com/vitis-wine.com/wp-content/uploads/2026/02/IMG_7670.jpeg?resize=15%2C47&#038;ssl=1" alt="" width="15" height="47" srcset="https://i0.wp.com/vitis-wine.com/wp-content/uploads/2026/02/IMG_7670.jpeg?resize=96%2C300&amp;ssl=1 96w, https://i0.wp.com/vitis-wine.com/wp-content/uploads/2026/02/IMG_7670.jpeg?w=97&amp;ssl=1 97w" sizes="(max-width: 15px) 100vw, 15px" /> CONSEILS DE DÉGUSTATION</strong></p>
<p><span style="font-weight: 400;">Température de service : entre 16º et 18°C</span></p>

<p>Le <strong>Flor de Maio Rouge 2020</strong> est un vin rouge harmonieux et expressif, issu de cépages autochtones portugais. Il se distingue par sa richesse aromatique, sa rondeur et sa fraîcheur naturelle.</p>
